. Give a(2).
55
Let v(y) = -y**3 + 9*y**2 - 5. What is v(9)?
-5
Let z(t) = -4*t + 1. Give z(-2).
9
Let j(v) = -54*v**3 + 2*v - 1. Determine j(1).
-53
Let t(k) = 3*k + 21. Calculate t(-11).
-12
Let n(g) = 9*g - 8. What is n(-5)?
-53
Let g(j) = -j - 2. What is g(8)?
-10
Let y(s) = -6*s - 17. Calculate y(-8).
31
Let l(j) = j**3 + j**2 + 2*j. Determine l(-3).
-24
Let y(m) = 34*m - 5. Calculate y(2).
63
Let v(a) = a**3 - 5*a**2 - 3*a - 8. What is v(6)?
10
Let a(y) = 17*y - 463. Determine a(28).
13
Let j(c) = c**3 + 12*c**2 + 3*c + 30. What is j(-12)?
-6
Let n(r) = -4*r**2 - 100*r - 2. Give n(-25).
-2
Let i(h) = -h**3 - 14*h**2 + 12*h - 39. Give i(-15).
6
Let a(s) = 168*s - 1350. Calculate a(8).
-6
Let u(d) = 6*d + 13. What is u(-7)?
-29
Let y(i) = -4*i**3 - i**2 + 3*i + 1. What is y(-2)?
23
Let z(p) = p**3 + 5*p**2 - 3*p - 4. Calculate z(3).
59
Let b(n) = -4*n**3 - n + 2. Determine b(2).
-32
Let u(r) = -7*r - 8. Determine u(-6).
34
Let u(k) = -k**2 - 28*k + 173. What is u(5)?
8
Let v(c) = -3*c + 11. What is v(0)?
11
Let g(n) = -5*n**2 - n - 2. Calculate g(-1).
-6
Let h(g) = -8*g - 9. Determine h(-5).
31
Let a(r) = -2*r**2 - 15*r + 147. Give a(-13).
4
Let t(c) = c**2 + 10*c + 6. Give t(-8).
-10
Let v(u) = -u**2 + 10*u + 25. Calculate v(8).
41
Let q(o) = -o**3 - 14*o**2 - 17*o - 16. What is q(-13)?
36
Let h(a) = 75*a**2 - a - 1. Calculate h(-1).
75
Let k(n) = -n**2 + 9*n - 27. What is k(3)?
-9
Let n(j) = j**2 - 7*j + 3. Calculate n(7).
3
Let k(b) = b - 2. Give k(5).
3
Let s(v) = -3*v**2 + 15*v. Determine s(5).
0
Let y(g) = 2*g - 13. What is y(7)?
1
Let z(d) = 3*d + 20. What is z(-10)?
-10
Let j(n) = n**3 - 10*n**2 + 6*n - 3. Calculate j(10).
57
Let n(h) = h**2 - 9*h + 11. Calculate n(5).
-9
Let g(x) = -20*x + 434. Calculate g(20).
34
Let c(h) = -2*h**2 - 9*h - 10. Give c(-7).
-45
Let g(j) = 2*j**3 + 4*j**2 + 3*j + 2. Calculate g(-2).
-4
Let z(r) = r**3 + 3*r**2 - 4*r + 3. What is z(-4)?
3
Let m(y) = -4*y**2 + 6*y - 1. Give m(4).
-41
Let y(n) = -n**2 + 27*n - 20. What is y(26)?
6
Let m(g) = -12*g - 30. Calculate m(-5).
30
Let b(g) = -g**3 - 4*g**2 + 7*g - 99. Calculate b(-7).
-1
Let g(l) = l**2 - 5*l + 5. Calculate g(6).
11
Let h(b) = b - 14. What is h(6)?
-8
Let y(f) = 4*f**3 + 2*f**2 + 3. Calculate y(-2).
-21
Let h(b) = -2*b + 1. Determine h(-5).
11
Let t(p) = p**2 - 1. What is t(2)?
3
Let p(m) = m - 32. What is p(0)?
-32
Let o(d) = -4*d**2 + 18*d - 17. What is o(4)?
-9
Let g(s) = -4*s - 9. Determine g(-7).
19
Let h(w) = -w**2 + 72*w - 512. Calculate h(64).
0
Let w(h) = 27*h**3 - 16*h**2 + 4*h - 4. Give w(2).
156
Let d(p) = p**2 + 19*p + 17. Give d(-18).
-1
Let k(l) = l**2 - 5*l - 2. Give k(3).
-8
Let w(p) = -p - 19. Calculate w(-9).
-10
Let k(d) = 19*d - 125. Calculate k(11).
84
Let a(v) = 2*v**3 + v**2 - v - 1. Calculate a(-2).
-11
Let x(u) = -u**2 - 7*u - 11. What is x(-6)?
-5
Let x(a) = a**3 - 10*a**2 - a - 8. Calculate x(10).
-18
Let b(n) = -14*n**2 + n + 1. Calculate b(-2).
-57
Let u(l) = -10*l - 2. Give u(2).
-22
Let j(o) = -10*o - 9. Give j(-4).
31
Let s(m) = -25*m - 203. Give s(-6).
-53
Let v(r) = r**3 - 6*r**2 + 4*r - 7. Determine v(5).
-12
Let o(c) = c**2 - 5*c. Calculate o(4).
-4
Let f(d) = -d**3 + 2*d**2 - 5*d + 8. Determine f(3).
-16
Let z(h) = -2*h + 16. What is z(13)?
-10
Let a(l) = -2*l**2 - 41*l + 24. Calculate a(-21).
3
Let f(l) = l**2 + 6*l - 3. Determine f(-8).
13
Let h(y) = -y**2 - y + 5. What is h(4)?
-15
Let u(i) = -i + 25. Determine u(17).
8
Let t(a) = a + 8. What is t(15)?
23
Let h(m) = m**3 - 10*m**2 + 10*m. Calculate h(9).
9
Let l(t) = -t**3 - 4*t**2 - 3*t - 1. What is l(-3)?
-1
Let t(f) = -15*f - 538. Determine t(-36).
2
Let x(j) = -j**3 + 19*j**2 - j + 22. Give x(19).
3
Let z(q) = q + 19. Determine z(-13).
6
Let k(b) = b**3 - 9*b**2 - 3*b + 12. Determine k(9).
-15
Let w(c) = -2*c - 1. What is w(-5)?
9
Let c(o) = o**3 + 14*o**2 + 14*o - 8. Give c(-13).
-21
Let j(a) = a**3 - 2*a**2 - 14*a + 3. Calculate j(5).
8
Let n(c) = -c**3 - 21*c**2 - 21*c. Calculate n(-20).
20
Let s(v) = v**2 - 12*v + 29. Give s(11).
18
Let d(w) = -w**3 + 10*w**2 - 14*w + 16. What is d(6)?
76
Let u(j) = j**2 + 17*j + 17. Give u(-16).
1
Let h(l) = 2*l**2 - 2*l - 4. Give h(5).
36
Let m(t) = t**3 - 7*t**2 - 2*t + 5. Calculate m(7).
-9
Let r(u) = -2*u - 43. Determine r(9).
-61
Let f(b) = 12*b + 407. Calculate f(-34).
-1
Let g(o) = 16*o**2 + 12*o + 29. Give g(-2).
69
Let d(b) = -31*b**2 - 3*b - 2. Give d(-1).
-30
Let q(c) = -c**3 + 24*c**2 - 3*c + 59. Determine q(24).
-13
Let z(a) = -55*a - 108. Calculate z(-2).
2
Let x(m) = -m**3 + 16*m**2 + 57*m - 11. What is x(19)?
-11
Let b(n) = n**2 - 2*n + 2. Determine b(4).
10
Let i(a) = a**3 - a - 36. What is i(0)?
-36
Let f(h) = -h**3 - 7*h**2 + 42*h - 25. Give f(-11).
-3
Let m(v) = 2*v**2 + 37*v + 58. Calculate m(-17).
7
Let k(r) = -17*r**2 - r + 1. Determine k(1).
-17
Let u(o) = 2*o**2 - 2*o + 2. Give u(6).
62
Let o(h) = 7*h**2 - 17*h + 17. Give o(1).
7
Let b(y) = -2*y**2 - 22*y - 57. What is b(-8)?
-9
Let c(z) = 4*z**2 + 59*z + 40. Give c(-14).
-2
Let d(u) = -103*u**2 - 2*u + 1. What is d(-1)?
-100
Let o(f) = 50*f**2 + f. Determine o(-1).
49
Let g(f) = -f**3 + 3*f**2 - 4*f + 3. Calculate g(2).
-1
Let a(j) = j**2 + 15*j + 57. What is a(-7)?
1
Let o(z) = 10*z - 41. What is o(8)?
39
Let s(w) = 211*w - 631. Give s(3).
2
Let b(x) = -x**3 + 2*x**2 + 3*x - 2. Determine b(2).
4
Let n(b) = -13*b - 45. What is n(-4)?
7
Let b(m) = m**2 + 5*m + 34. Determine b(0).
34
Let w(h) = -60*h + 179. Determine w(3).
-1
Let w(q) = -3*q**2 + 2*q + 2. What is w(-2)?
-14
Let x(s) = -s**2 + 5*s - 7. Determine x(6).
-13
Let v(z) = 5*z**2 - 36*z + 6. What is v(7)?
-1
Let c(r) = 2*r**2 + 4*r + 9. Give c(-3).
15
Let d(v) = 2*v**3 - 4*v**2 - v + 6. Calculate d(2).
4
Let v(c) = -6*c - 55. Give v(-8).
-7
Let c(w) = -w**2 + 3*w + 25. Give c(8).
-15
Let y(q) = -q + 33. Calculate y(16).
17
Let p(s) = -14*s**2 - 4*s - 1. Determine p(3).
-139
Let r(j) = j**2 - 8*j. What is r(8)?
0
Let v(i) = -i**2 - 2. Determine v(-3).
-11
Let f(u) = u + 4. Calculate f(0).
4
Let f(w) = -6*w + 1. Determine f(4).
-23
Let h(i) = -i + 8. Determine h(-4).
12
Let g(a) = 4*a + 10. Calculate g(-4).
-6
Let p(c) = c**3 + 2*c**2 - 4*c - 2. What is p(-3)?
1
Let g(c) = -7*c + 26. Determine g(4).
-2
Let r(s) = s**2 - 13*s + 1. Calculate r(14).
15
Let u(k) = k**3 + 18*k**2 + 15*k - 33. Calculate u(-17).
1
Let q(h) = 4*h**2 - 3*h + 3. Calculate q(2).
13
Let w(n) = 6*n + 13. Determine w(2).
25
Let m(u) = 43*u - 1291. Give m(30).
-1
Let d(m) = m**2 + 8*m - 63. Determine d(-13).
2
Let u(s) = -2*s**3 - 2*s**2 - 7*s - 5. Determine u(-2).
17
Let h(w) = w - 10. What is h(11)?
1
Let p(x) = 2*x + 8. What is p(21)?
50
Let l(f) = -f**3 - 2*f**2 + 13*f + 3. Calculate l(-5).
13
Let j(u) = 35*u + 1. What is j(-1)?
-34
Let i(p) = 8*p - 58. What is i(14)?
54
Let c(l) = l + 16. Give c(-5).
11
Let h(w) = -6*w + 138. Calculate h(25).
-12
Let j(r) = r**3 - 4*r**2 + 5*r - 18. Give j(4).
2
Let j(k) = k - 17. Determine j(9).
-8
Let s(t) = 17*t**3 + 2*t**2 + 3*t + 2. Give s(-1).
-16
Let d(o) = -9*o - 7. Determine d(-8).
65
Let w(t) = -t**3 + 18*t**2 - 73*t + 18. Give w(12).
6
Let z(b) = -3*b**3 + 2*b**2 + 2*b + 1. Determine z(-1).
4
Let w(v) = -v**2 - 5*v - 8. Give w(-7).
-22
Let w(r) = -r**2 + 19*r + 15. Give w(19).
15
Let o(x) = -3*x**2 + 19*x - 20. Give o(5).
0
Let i(t) = 15*t - 3. Determine i(-3).
-48
Let n(v) = 8*v + 68. Calculate n(-8).
4
Let a(r) = r + 45. Give a(-15).
30
Let v(q) = q - 4. Give v(-8).
-12
Let u(p) = p**3 + 23*p**2 - 25*p - 27. What is u(-24)?
-3
Let k(z) = -2*z**3 + 3*z**2 - z - 4. What is k(2)?
-10
Let i(m) = m**3 - 27*m**2 + 26*m + 1. Give i(26).
1
Let z(s) = -25*s + 90. What is z(4)?
-10
Let v(a) = a**3 + 5*a**2 + 3*a - 19. Calculate v(-6).
-73
Let i(b) = -21*b - 35. Determine i(-4).
49
Let a(n) = n**3 - 6*n**2 + 3*n - 5. Give a(7).
65
Let w(d) = -22*d + 163. What is w(8)?
-13
Let w(y) = 2*y + 17. Calculate w(-5).
7
Let g(j) = 7*j + 21. What is g(-7)?
-28
Let t(i) = -41*i + 158. Determine t(4).
-6
Let g(y) = -21*y - 160. Determine g(-8).
8
Let l(h) = h**3 - 6*h**2 + 6*h - 5. What is l(4)?
-13
Let t(i) = 3*i**3 - i**2 + i - 4. Determine t(-2).
-34
Let f(d) = -d**3 + 6*d**2 - 2*d + 6. What is f(6)?
-6
Let v(t) = -t**2 - 13*t + 12. Calculate v(-11).
34
Let k(u) = -u**2 - 10*